10
Calculate 13 - ((2 - (-22 - -8)) + -9).
6
Calculate 5 + (-3 - (-1 + (10 - 4))).
-3
(-1 - -2 - -8) + (10 - (-13 - -28))
4
Evaluate 2 + (-7 - (2 + -4) - -7).
4
Calculate 52 - 51 - (-3 + (3 - 0) - -24).
-23
What is 20 + -2 - (-19 - (-49 - -11))?
-1
(6 - 3 - (-1 - 5)) + 193 + -191
11
What is 11 + (-28 - (-12 + -3 + 14))?
-16
-5 + 1 - (12 - (3 - 0) - 12)
-1
(-43 - -51) + -8 + -22
-22
What is -37 + 31 - (-2 - (0 + (-2 - 0)))?
-6
-8 + (-1 - -5 - 14 - -8)
-10
What is -2 + 15 - (-172 - -172)?
13
-6 - (19 - 24) - 19
-20
What is 1 - 0 - 4 - (7 - 16 - -14)?
-8
(-1 - 7) + -39 + 58 + 5
16
Evaluate (8 - (-1 - (-17 + -3 - -4))) + 21.
14
Calculate -391 - -388 - (-12 + -2).
11
Evaluate -20 + 5 + (1 - 1) + 5.
-10
Calculate 7 + (7 - (6 + (-7 - -7))).
8
Evaluate 37 + (-6 - -13 - 21).
23
What is -1 - 2 - (-11 - (-23 - -21))?
6
What is 2 + -39 - (-12 + -26)?
1
(-9 + -5 - (58 - 66)) + (1 - -9)
4
What is the value of 26 - (-12 + -2 + 7 + 10)?
23
Evaluate 2 + -1 + (-5 - 1) + (4 - -23).
22
What is the value of 17 + -3 + (-2 - 2)?
10
Evaluate -7 - (-8 - (-2 + -7)) - (7 - 0).
-15
Evaluate 13 - (-8 + 32 + -10).
-1
(61 - 48) + (-6 - 3)
4
What is (3 - 14) + 4 + -1 - (9 - 7)?
-10
What is 32 - (35 + 14 + -45)?
28
What is the value of (-2 - -9) + (13 - 1 - (4 - 3))?
18
Calculate 23 + (8 - 48) + 25.
8
What is the value of -25 - -1 - (-8 + 5) - (62 + -61)?
-22
Calculate 13 - (0 - 0 - (7 - 26 - -24)).
18
Evaluate (22 - -19) + -9 + -15.
17
What is the value of -46 - (-23 - 20 - -7)?
-10
12 + 30 + -11 + -16 + -17
-2
What is 5 + -19 + 0 + 15?
1
Evaluate (-24 - 2) + 5 + (17 - 14).
-18
Calculate -2 - (-28 - (-19 - -14)).
21
Evaluate (1 - -3) + 24 - (-8 - -7).
29
Evaluate -16 - (7 + -10 + -2).
-11
24 - ((-1 - 15) + 13)
27
Calculate -8 - (-9 + 4 - -2) - (2 + -11).
4
Calculate -3 - (18 - -1 - 28).
6
What is the value of 8 + -2 - (-15 + 37 + -9 + -8)?
1
Evaluate -6 + 31 - 27 - ((1 - -1) + 2).
-6
-16 + (4 - 10 - -4)
-18
What is -4 + 8 + -10 + 20?
14
Evaluate 22 + -17 + 0 + (-22 - -4).
-13
What is 24 + -1 - (-597 - -616)?
4
What is -3 + 21 + -5 + 6 + 2 + -3?
18
Calculate (-2 - (-11 - 3 - 18)) + -16.
14
-18 - -15 - 13 - (-6 + -1)
-9
Evaluate (-7 - -9) + 14 + -25.
-9
What is (-1 - -1 - (-10 + (16 - 10))) + 7?
11
-43 - (30 + -68 + -1)
-4
Evaluate -31 - -29 - (7 - -2).
-11
What is the value of (3 - -20) + -21 - (-1 + 15)?
-12
-33 - -44 - (-2 - (7 + -9))
11
Calculate 1 - (3 + -1) - (0 + 0 + -11).
10
What is -6 - ((-1 - 34) + 17)?
12
(22 - -1) + (-21 - -7)
9
Calculate 10 - (-2 - ((24 - 28) + -2 + -1)).
5
Calculate (-12 - (-12 + -2)) + -32 + 12.
-18
Calculate (-35 - -11) + (11 - -6).
-7
What is 1 + -3 + 3 + 0 + (-54 - -57)?
4
Evaluate -28 + -7 + 7 + 16.
-12
Calculate (-152 - -151) + (1 - (-26 + -4)).
30
Calculate 9 - (-8 + (-1 - (-13 + 6))).
11
What is -57 + 44 + 0 + 3 + -6 + -1?
-17
What is the value of (-15 - (-11 + 11)) + 7?
-8
Calculate (24 - (29 - 39)) + -12.
22
Evaluate 5 + (-2 - -7) + 5 + -8 + -6.
1
-10 + -22 + 13 + (3 - 0)
-16
What is the value of -8 + 14 - (2 + -1 + 2 + -1)?
4
(-153 - -150) + (2 - -1) + -5
-5
What is -2 - ((-16 - -6) + 8 - 0)?
0
Evaluate (-2 + 1 - 0) + -25 + 18 + -9.
-17
What is the value of (-15 - -12) + 7 + (-3 - (-3 + -9))?
13
Evaluate 14 - (15 + 15 + -6).
-10
What is 1 - 3 - (628 - 627)?
-3
What is the value of (-11 - -41) + -36 + 29?
23
Evaluate -4 - -3 - -5 - (350 + -359).
13
What is 23 - (-8 + 8 + -6 + -3 + 5)?
27
Calculate -2 + -4 + 1 - (-12 - -20).
-13
Calculate (1 + -1 - 30) + (-2536 - -2549).
-17
What is the value of (-11 - -3) + (-2 + 8 + -2 - -21)?
17
What is the value of 2 + -4 + -40 + 20 + 15?
-7
Evaluate (-10 - -9 - -4) + -6.
-3
What is -4 + (6 - -5) + 3 - 11?
-1
What is 8 + -1 + 159 + -152?
14
76 + -85 - (-1 + -19)
11
What is the value of 9 + (-5 - -4) + 2?
10
What is the value of 3 + (35 - (20 + 2))?
16
What is the value of -18 + 2 + -17 - -21?
-12
Calculate 8 + -6 + 13 + -4 + -17.
-6
Calculate (4 - -9) + (2 - (-13 - -58)).
-30
15 + 5 + (-4 - -19) + -7
28
What is the value of -50 + (6 - 3 - -5) + 1 + 5?
-36
Evaluate -261 - -255 - (1 + -14).
7
Calculate 40 + (-37 - -29 - 47).
-15
What is the value of -41 + 2 + (2 - -6) + 1 + 5?
-25
Calculate 3 + (-3 - (9 - 7)) + 3 + -3.
-2
What is the value of -19 + (4 - 1) - (17 + -28)?
-5
Evaluate -3 + (-1 + 0 - (13 + (-6 - 12))).
1
Calculate 68 + -92 + (15 - -7).
-2
What is the value of 0 + 19 - ((16 - 9) + -5)?
17
-4 + -6 - (-1 + -2)
-7
22 + -5 + -9 + 3
11
(-15 - -3) + -2 + 5 - 4
-13
What is 0 - (-7 - -6 - 6) - (17 + 3)?
-13
Evaluate (-5 + (2 - -6) + 3 - 7) + -10.
-11
What is 12 - (-15 - -18) - (20 + -6 + 1)?
-6
4 + (-3 - 15) + 18
4
Calculate -20 - (-18 - -26 - 22).
-6
-1 + (6 - 11) + -2 + (-3 - 2)
-13
Evaluate -10 - (-6 - 1 - (54 - 46)) - -10.
15
Calculate (-14 - (-6 + -31)) + -45.
-22
What is the value of -6 + 10 + 1 + -9 + 7?
3
Evaluate 2 + (-7 - -8) + -5 - (-2 - -2).
-2
What is -9 + 22 + -1 + -4?
8
What is -3 - (-21 + 22) - -19?
15
What is the value of (-12 - 1) + 63 + -36 + (8 - 4)?
18
Calculate (-18 - (-16 + 18)) + 14.
-6
What is -7 + (2 - 1) + -66 + 67?
-5
Evaluate (-6 - (5 + 2)) + (-13 - -21) + 1.
-4
Calculate -44 - 0 - (143 + -195).
8
What is the value of 0 - -10 - (39 + -33 + 0 + 0)?
4
What is 1 - (8 + (-5 - -7) - 1 - 5)?
-3
What is -7 + (-34 - -44) + 14?
17
(-11 - 3) + 32 + -15
3
What is the value of 16 + 46 + -22 - 11?
29
What is -6 - (4 - 5) - 4 - -2?
-7
What is the value of -42 + 10 + -9 + 76?
35
What is (3 - (1 - 0)) + (-3 + -5 - -3)?
-3
What is 11 + (18 + -41 - (-6 + 0))?
-6
What is the value of (-180 - -207) + -1 + -3 + 3?
26
Calculate -6 + 2 + (4 - 5 - (0 - 2)).
-3
Calculate -4 + (2 - (-3 - (-5 - -4))).
0
Calculate (-1 - -59) + (655 - 684).
29
What is 6 - (2 + -1) - (23 + -28)?
10
What is -15 - (23 + (-41 - -26))?
-23
Calculate -7 + (14 - -8) + -23.
-8
Calculate 377 + -380 - ((-3 - -1) + -25).
24
What is 1 + (7 - 6) + 0?
2
Calculate 7 - (12 - (-4 - -2) - 8).
1
Evaluate 3 - 25 - (223 + -249).
4
Evaluate 30 - (3 + 28) - 10.
-11
Calculate -1 + -13 + (3 - (0 + -1)).
-10
Evaluate 2 + 30 - ((3 - 8) + 15 + -6).
28
Calculate -9 + 3 + 0 + -19 + 9.
-16
Calculate 1 + 12 + -108 + 103.
8
Calculate -8 + 16 + -1 + 1 - 3.
5
Evaluate -30 + 26 - (6 - 13).
3
(32 - (-25 - -47)) + (-21 - -1)
-10
What is the value of 12 + -32 - (-28 - 0)?
8
Calculate -8 - -3 - (-3 - (-2 - -5) - 12).
13
Calculate 24 - (7 - 7 - (-2 - -5) - -11).
16
Calculate -20 + (22 - -8 - 22).
-12
What is 17 - 6 - (30 - 5) - -41?
27
Evaluate -1 + 6 + (-1 - 0) + (155 - 162).
-3
(20 - (13 - 0)) + (6 - 3 - 2)
8
Calculate -11 - (0 + -11 + 18).
-18
What is (2 - 2) + 34 + -33 + 3?
4
(-29 - -8) + (45 - 1)
23
-12 + 7 + 14 - (-1 + -9)
19
39 - (-14 - -37) - -12
28
18 - 16 - (-50 + 35 + 6 + -1)
12
Calculate (-15 - (-34 - -26)) + -18.
-25
What is the value of -8 - -2 - 18 - -20?
-4
(-391 - -383) + (-1 - -31)
22
Evaluate -9 + 1 + -1 - (-13 - (11 + 0)).
15
What is (-25 + -6 - -6) + 25?
0
What is the value of -1 + -43 - (221 - 241)?
-24
(5 - -6) + -10 + 12 + -2
11
Evaluate 49 + -44 + -1 + -2 + 2 + 1.
5
0 + 4 - (5 + 3) - (0 - 5)
1
What is 12 + (-8 + 7 - 1) + -2 + -1?
7
What is the value of 16 + (7 - (31 - -2))?
-10
What is 9 + (-6 - (-3 - (10 - 7)))?
9
What is (-74 - -81) + (10 + 2 - 2)?
17
What is the value of -27 - -9 - (12 + -15 - 8)?
-7
What is the value of 10 - (-14 - (1 + -6 + -5))?
14
34 - (8 + -23 + 55)
-6
What is 8 + (-35 - (15 + -29))?
-13
Calculate 30 + (-9 - 47) - (-1 + 1).
-26
2 - (37 - 39 - (4 - -1))
9
Calculate (13 - (0 + 3)) + -1.
9
Calculate 31 + -75 - -6 - -37.
-1
Calculate 21 + 13 + (-15 + 16 - 21).
14
-35 + -2 + 197 + -196
-36
What is the value of -6 - (1 + 28 + -19)?
-16
What is the value of -3 + -1 - -4 - (-7 + -14 + 8)?
13
What is the value of (-1585 - -1599) + -1 + -29?
-16
Evaluate 4 - (26 + 33 - 35).
-20
Evaluate -12 + (25 - 10 - 10) - -4.
-3
Evaluate 27 + -15 - (27 + -23).
8
Evaluate -5 + (0 - 3) - (17 - 24).
-1
Calculate -1 + -4 + 5 + -6 + -7 + 3.
-10
What is the value of (36 - 28) + 5 - (2 - 13)?
24
What is the value of 10 + (-3 - -24 - 24)?
7
Evaluate 12 - (7 + (7 - 6) - 4).
8
Evaluate -10 - (4 + (-11 - -2)) - -5.
0
Evaluate (4 + (-6 - -1) - 34) + -35 + 40.
-30
What is -31 + -8 - (-61 + 38)?
-16
Evaluate -2 + 11 + (-26 - -10).
-7
What is the value of -16 - (15 + -44) - 12?
1
What is (-1 - 15 - (9 + -9)) + (-50 - -50)?
-16
(-28 - (-1 